20 - -7).
5
Evaluate 9 + (-11 - -8) + -6.
0
What is the value of 6 + (-32 - -12 - -26 - (8 - 1))?
5
Evaluate -18 - (12 + -16) - -16.
2
What is the value of -7 + 18 + -46 + 36?
1
Calculate 3 + (0 - -8) + -7 - -9.
13
(-7 - -1) + (-7 - -4 - -10) - 7
-6
35 + -25 + 11 + -17
4
-24 + 16 + -5 + 27
14
Evaluate -15 - ((-8 - 2) + -18).
13
((93 - 97) + -1 + 12 - -10) + -4
13
Calculate (4 - -8 - (-7 - -3 - -1)) + -7.
8
What is the value of -5 - (-7 - ((6 + -12 - -26) + -4))?
18
What is the value of (0 - 12) + 17 + -15?
-10
53 + -65 + 22 + 1
11
What is the value of (-23 - -2) + -1 + 1 + (-2952 - -2947)?
-26
What is the value of 36 - ((-5 - -28) + 36 + -47)?
24
What is (-3 - (-21 + 28)) + -2 + 5 + -14?
-21
What is 1 + 1 - (81 - -51 - 92)?
-38
Calculate 47 - 39 - (4 - -1).
3
Evaluate -51 + (-10 - (-44 - -13) - 6).
-36
What is -8 - 1 - 7 - -12?
-4
What is (-1 - (4 + -4)) + (1 - 15) + 6?
-9
What is the value of -2 + (-6 - -3 - 10 - (14 + -19))?
-10
What is the value of 8 - (19 - (22 + -12))?
-1
Evaluate 2 - ((8 - 8) + 8).
-6
What is the value of (7 - -3) + -6 + 21 + 5 + -10?
20
What is -6 + -2 + (-5 + -1 - -23)?
9
What is the value of 2 - -1 - (-30 - (-45 + 10))?
-2
-15 + -6 + -4 + 3
-22
What is the value of -8 + (7 - (6 + 3 + -1 + 5))?
-14
Calculate -4 - (-6 + (2 - -1) + (-16 - -1)).
14
What is (-98 - -103) + -7 + 0 + -7 + -12?
-21
Calculate (-33 - (-2 - 17)) + 5 + -2.
-11
Calculate (-18 - -1) + (2 + -4 - -1) - -5.
-13
What is the value of (17 - 31) + 6 + 22?
14
(-9 + 6 - -7 - 17 - -4) + -14
-23
-9 + (11 - -31) + -5
28
Calculate 23 + -22 - (-4 - -1) - (-21 - 1).
26
What is the value of (-31 - 0) + 60 - 23?
6
Evaluate -2 + (-13 - -17) + -17.
-15
Evaluate 6 + (-16 - -18 - (-1 - -5) - -7).
11
What is the value of -4 - (-6 - 0) - -3?
5
What is the value of -1 - (9 - (-17 - (0 - 4)))?
-23
What is the value of (12 - 5) + 23 + (10 - 27)?
13
-4 + 14 + -50 + 18
-22
What is -15 - (-26 - -7) - 2?
2
Evaluate (-14 - -22) + 16 - 10.
14
What is 10 - (-4 - (-2 + 1 + -1))?
12
Calculate -67 + -19 + 64 + 61.
39
What is 2 + -22 - (1 + 18 + -27)?
-12
Calculate 8 - (9 + (-5 - (-5 - -1 - 0))).
0
Evaluate 6 - (38 + -18 - 4).
-10
What is 26 - (6 + -4) - (7 - 9 - -9)?
17
Calculate -3 + (5 - 1 - -1) + -23 + 25.
4
Evaluate -9 - (5 + -8 + 5 + -1 + 0).
-10
Evaluate -11 + 10 + 6 - 1.
4
Calculate 1 + (-1 - -3 - 7) + -2 + 3.
-3
(5 - -15) + 4 + -1 + -10
13
10 - (8 - 16 - -9) - -1
10
Evaluate (-3 - 4) + 1 + (19 - 5 - 0).
8
What is the value of (10 - 3) + -3 + -7 - (40 + -39)?
-4
-62 + 1 + 54 - (14 - 1)
-20
(-24 - -23) + -21 + 20
-2
What is (7 - 14) + -2 + 14 - -9?
14
16 + ((0 - 18) + 34 - 9)
23
Calculate -1 + -2 + 7 + -11 + (10 - 3).
0
What is -10 + (18 - (3 - 0))?
5
Evaluate 0 - (-28 + 24 + -5).
9
What is 13 - (0 - (25 - 9 - 10))?
19
What is 3 + (-7 - -1) + 12 - -2?
11
Calculate -19 - ((0 + -2 - 3 - -4) + 0).
-18
Evaluate (-51 - -46 - (0 - -12)) + 5.
-12
What is 95 + -92 - (20 - (-1 + 6 - 1))?
-13
Calculate -33 - (27 - 11) - -30.
-19
What is -6 + (14 - 20) - -1?
-11
What is the value of -11 + (-1 - 2) + 28 + -1?
13
What is the value of (-36 - -12) + 31 + 8 + -2?
13
Calculate -24 - (4 + 22 + -18).
-32
-7 - ((-21 - 6) + 0)
20
Evaluate 10 + -56 + 30 + -1 + 11.
-6
What is the value of 23 - -2 - ((1 - 0) + (15 - 9))?
18
Calculate (25 - 0) + -8 - 2.
15
Calculate (-15 - 7) + 22 + -4.
-4
What is -1 + (-4 - 2) + 10?
3
What is (8 - (2 - 0)) + -6 + 0 - 10?
-10
Calculate (5 - (-5 + -3)) + (-4 - (-10 + 11)).
8
Calculate (-1 - -8) + -14 + -13.
-20
Evaluate (-25 - -1) + (1452 - 1412).
16
What is the value of (8 - 12 - -8) + 3 - -8 - -2?
17
Evaluate 28 - 6 - 42 - -9.
-11
What is the value of -1 + 3 - (2 + -16 + (22 - 5))?
-1
What is 3 + -14 + -3 + 6?
-8
Evaluate 13 + (-10 + 8 - 6).
5
What is (19 - 10) + -5 + -2 - -13?
15
Evaluate -12 + 17 + (20 + -5 - 11).
9
48 + -23 + (6 - 8)
23
Evaluate 2 - 1 - (-2 + -2 + -3).
8
Calculate (-8 - (-5 + (-6 - -9))) + 1.
-5
Evaluate (-18 - (-10 + 2) - (-1 + -2)) + -14.
-21
Calculate (46 + 1 - -3) + (-45 - -27).
32
Evaluate 42 - (-1 + (10 - (-1 - 4))).
28
-9 + (9 - 8 - -15) + -8
-1
What is -11 - (19 + (-4 - -19) + -25)?
-20
What is the value of (1 + -3 - -2) + 44 + -32 + -11?
1
(-10 - -7) + 10 + (3 - (-1 - -3))
8
What is the value of -1 - -10 - (-13 + -21 + 43)?
0
-65 + 84 - (4 - 0)
15
What is -7 - (-8 + 3) - 0?
-2
Evaluate (4 - 2 - -36) + 1108 + -1118.
28
4 - (14 - (19 - 0))
9
(8 + -6 - (13 + 1)) + 7
-5
Calculate 37 + (-27 - (-6 - 8)) - 3.
21
What is the value of -10 + 91 + -93 + (-1 - -12)?
-1
What is (17 - (-1 - -8)) + -23?
-13
What is the value of (8 - -7) + -10 - 5?
0
Evaluate -6 + 8 + 17 + (-6 - 6).
7
What is the value of (6 - (12 + -8)) + (-8 - -2)?
-4
Evaluate -3 + -14 + 17 + -6 - (-6 + -2).
2
What is -2 - (-9 - -2) - ((-4 - -8) + 1)?
0
What is (13 - (-1 - -5)) + (-11 - -6)?
4
(-8 - (-37 - -21)) + (-2 - -1 - -3)
10
What is the value of 94 - 95 - (-3 + 4)?
-2
-25 + (28 + -7 - 26 - (-10 - -1))
-21
Calculate -6 - 3 - (4 + 1 + -6).
-8
What is -17 + (8 - (16 - 3) - 7)?
-29
What is the value of (8 - 13) + (7 - (9 - (-1 - -4)))?
-4
What is the value of (10 + 6 - 43) + 7?
-20
5 - (-12 + 12) - (3 - (0 + 0))
2
What is (5 - ((-4 - 1) + 63 + -62)) + 27?
36
Evaluate (-19 - -14) + (12 - 12).
-5
What is the value of -1 - 13 - (0 - 4 - -9) - -8?
-11
What is 10 + (11 - (17 - 3)) - 19?
-12
What is the value of 1 + 26 + (-6 - 10)?
11
Calculate (12 + -18 + -3 + 7 - 2) + -5.
-9
Evaluate (0 - -7) + (33 + -23 - 7).
10
Evaluate 26 + (0 - -13 - (-181 + 198)).
22
Evaluate -10 + -5 - (-32 + 33).
-16
What is (-2 + -3 - -2) + 0 - -5 - 8?
-6
Evaluate -7 + (-2 - 0) + 0 + 19.
10
What is (0 - 11) + (978 + -997 - (12 + -1))?
-41
-33 - -25 - (-11 - 0) - -1 - 3
1
Calculate -3 + (-39 - -65) - 29.
-6
What is the value of 33 + -9 + -9 + (20 - 13)?
22
3 + -2 + -2 + 12 + (-18 - 8)
-15
Evaluate 11 - (6 - 3) - (90 + -84).
2
What is the value of -30 + 14 + (57 - 21)?
20
Calculate -30 + (14 - -3) - (0 + -3).
-10
What is the value of (-15 + 3 - -31) + -7 - (-7 - -1)?
18
Calculate 8 - ((-9 - -17) + -13 + -5).
18
(-5 - -8) + -2 - (1 - 2) - 2
0
What is the value of -3 + (7 + 2 - 4) - 24?
-22
Calculate 1 - (21 + -4) - (-22 + 29).
-23
Evaluate -8 + (1 - (-1 + 2) - -6) + 2.
0
What is the value of -2 - (7 + (-1 - 2) - 10) - -14?
18
What is -26 + 24 + -27 + 33?
4
-5 - -9 - (-8 + 27 + -7)
-8
What is (14 - (-32 + 24)) + (3 - 0 - 3)?
22
Evaluate -3 + 12 - 30 - -13.
-8
What is the value of (49 + -7 - 39) + (1 + -1 - -8)?
11
-18 - (2 - -22 - 10)
-32
What is the value of 2 + 0 + -4 + -18 + 20 + 5?
5
Evaluate 25 + -2 - (-2 + 20 - 10).
15
Evaluate -13 - 7 - -25 - (12 - -1) - 9.
-17
Calculate 91 + (-20 - 17) + -33.
21
-24 - -10 - (-28 + (6 - -3))
5
Evaluate 0 + (-26 - (9 + -23)).
-12
What is 0 + 1 + -1 + -4 + (-8 - -14)?
2
What is (36 - 41) + -11 + -11?
-27
What is the value of -4 - (2 - -7) - -8?
-5
What is the value of 9 + 2 + 1 + -8 + -18?
-14
-3 - ((-9 - -4) + 8)
-6
Evaluate -4 - (-5 - -12) - -24.
13
9 - (-24 - (-14 + 8))
27
What is (-5 + 4 - 8) + -7 + (7 - 3)?
-12
Calculate -7 - (-15 - (6 - (-4 + 9))).
9
What is -3 + 17 + 3 - (9 - (8 + -3))?
13
Calculate 22 + 3 - (10 + (9 - 22 - -8)).
20
Calculate 5 - (-10 - -12) - (-2 - -18).
-13
Evaluate -1 + 12 + -6 + -7.
-2
Evaluate 17 - -1 - (-559 + 549).
28
Evaluate (12 - 7) + -11 + (-3 - -10) + -12.
-11
Calculate -1 - ((-5 - -14) + 3 + -7 - 18).
12
Calculate (-1 + 0 - -6) + -9 + -12 + -4.
-20
Calculate -1 + 32 - (-106 + 124).
13
Calculate -4 + -3 + -3 + (3 - -7) - 2.
-2
Calculate -16 + -44 + 15 + 49.
4
-20 + 0 + (649 - 638)
-9
Calculate (2 + 0 - -1) + (4 - (-10 + 32)).
-15
Evaluate (4 - -2 - (-14 - -7 - -9)) + -11.
-7
What is (5 - (8 + 0)) + 10 + 3?
10
0 + 8 + (1 - 22 - (-11 - 4))
2
10 + (1 - 17) + 5 + 1
0
What is the value of -2 + 5 + -10 - (15 - 18)?
-4
Evaluate -10 + (-11 - -7 - -8) + -20.
-26
What is the value of -4 + -29 + 7 - -39?
13
What is 3 + 0 - (-12 + 17 - -12) - 3?
-17
What is the value of (-333 - -343 - (-1 - -13)) + 4?
2
(18 - (26 + -18)) + -14
-4
((11 - 5) + -17 - 4) + 4
-11
What is -4 + -6 + -2 + 16 - 6?
-2
What is (9 - -8) + 9 + -38?
-12
What is -8 + (-12 - (-5 - -13))?
-28
Calculate -21 - ((4 - 0) + -14).
-11
Calculate 452 + -468 - (0 + -15).
-1
What is (1 - -18) + 508 + -516?
11
212 - 216 - (-13 - -1)
8
What is -1 + (-27 - -3) + 3 + (5 - 4)?
-21
What is the value 